{"id":130,"date":"2020-01-18T12:42:07","date_gmt":"2020-01-18T11:42:07","guid":{"rendered":"http:\/\/lesrobines.fr\/?page_id=130"},"modified":"2023-04-12T13:41:40","modified_gmt":"2023-04-12T11:41:40","slug":"contact","status":"publish","type":"page","link":"http:\/\/lesrobines.fr\/index.php\/contact\/","title":{"rendered":"Contact"},"content":{"rendered":"\n<p>Vous pouvez nous contacter en \u00e9crivant \u00e0 <a href=\"mailto:contact@lesrobines.fr\">contact@lesrobines.fr<\/a> ou bien en utilisant les r\u00e9seaux sociaux.<\/p>\n\n\n\n<div class=\"wp-block-group is-layout-flow\"><div class=\"wp-block-group__inner-container\">\n<figure class=\"wp-block-table\"><table><tbody><tr><td>Facebook : <a href=\"https:\/\/www.facebook.com\/lesrobinesnarbonne\">https:\/\/www.facebook.com\/lesrobinesnarbonne<\/a><\/td><\/tr><tr><td>Twiter : <a href=\"https:\/\/twitter.com\/robin_les\">https:\/\/twitter.com\/robin_les<\/a><\/td><\/tr><tr><td>Instagram : lesrobines.narbonne<\/td><\/tr><tr><td><\/td><\/tr><\/tbody><\/table><\/figure>\n<\/div><\/div>\n\n\n\n<p><\/p>\n","protected":false},"excerpt":{"rendered":"<p>Vous pouvez nous contacter en \u00e9crivant \u00e0 contact@lesrobines.fr ou bien en utilisant les r\u00e9seaux sociaux. Facebook : https:\/\/www.facebook.com\/lesrobinesnarbonne Twiter : https:\/\/twitter.com\/robin_les Instagram : lesrobines.narbonne<\/p>\n","protected":false},"author":18,"featured_media":0,"parent":0,"menu_order":0,"comment_status":"closed","ping_status":"closed","template":"","meta":{"_mi_skip_tracking":false,"_monsterinsights_sitenote_active":false,"_monsterinsights_sitenote_note":"","_monsterinsights_sitenote_category":0},"yoast_head":"<!-- This site is optimized with the Yoast SEO plugin v20.12 - https:\/\/yoast.com\/wordpress\/plugins\/seo\/ -->\n<title>Contact - Les Robin.e.s<\/title>\n<meta name=\"robots\" content=\"index, follow, max-snippet:-1, max-image-preview:large, max-video-preview:-1\" \/>\n<link rel=\"canonical\" href=\"http:\/\/lesrobines.fr\/index.php\/contact\/\" \/>\n<meta property=\"og:locale\" content=\"fr_FR\" \/>\n<meta property=\"og:type\" content=\"article\" \/>\n<meta property=\"og:title\" content=\"Contact - Les Robin.e.s\" \/>\n<meta property=\"og:description\" content=\"Vous pouvez nous contacter en \u00e9crivant \u00e0 contact@lesrobines.fr ou bien en utilisant les r\u00e9seaux sociaux. Facebook : https:\/\/www.facebook.com\/lesrobinesnarbonne Twiter : https:\/\/twitter.com\/robin_les Instagram : lesrobines.narbonne\" \/>\n<meta property=\"og:url\" content=\"http:\/\/lesrobines.fr\/index.php\/contact\/\" \/>\n<meta property=\"og:site_name\" content=\"Les Robin.e.s\" \/>\n<meta property=\"article:modified_time\" content=\"2023-04-12T11:41:40+00:00\" \/>\n<meta name=\"twitter:card\" content=\"summary_large_image\" \/>\n<meta name=\"twitter:label1\" content=\"Dur\u00e9e de lecture estim\u00e9e\" \/>\n\t<meta name=\"twitter:data1\" content=\"1 minute\" \/>\n<script type=\"application\/ld+json\" class=\"yoast-schema-graph\">{\"@context\":\"https:\/\/schema.org\",\"@graph\":[{\"@type\":\"WebPage\",\"@id\":\"http:\/\/lesrobines.fr\/index.php\/contact\/\",\"url\":\"http:\/\/lesrobines.fr\/index.php\/contact\/\",\"name\":\"Contact - Les Robin.e.s\",\"isPartOf\":{\"@id\":\"http:\/\/lesrobines.fr\/#website\"},\"datePublished\":\"2020-01-18T11:42:07+00:00\",\"dateModified\":\"2023-04-12T11:41:40+00:00\",\"breadcrumb\":{\"@id\":\"http:\/\/lesrobines.fr\/index.php\/contact\/#breadcrumb\"},\"inLanguage\":\"fr-FR\",\"potentialAction\":[{\"@type\":\"ReadAction\",\"target\":[\"http:\/\/lesrobines.fr\/index.php\/contact\/\"]}]},{\"@type\":\"BreadcrumbList\",\"@id\":\"http:\/\/lesrobines.fr\/index.php\/contact\/#breadcrumb\",\"itemListElement\":[{\"@type\":\"ListItem\",\"position\":1,\"name\":\"Accueil\",\"item\":\"http:\/\/lesrobines.fr\/\"},{\"@type\":\"ListItem\",\"position\":2,\"name\":\"Contact\"}]},{\"@type\":\"WebSite\",\"@id\":\"http:\/\/lesrobines.fr\/#website\",\"url\":\"http:\/\/lesrobines.fr\/\",\"name\":\"Les Robin.e.s\",\"description\":\"Pour une ville \u00e9cologique solidaire\",\"publisher\":{\"@id\":\"http:\/\/lesrobines.fr\/#organization\"},\"potentialAction\":[{\"@type\":\"SearchAction\",\"target\":{\"@type\":\"EntryPoint\",\"urlTemplate\":\"http:\/\/lesrobines.fr\/?s={search_term_string}\"},\"query-input\":\"required name=search_term_string\"}],\"inLanguage\":\"fr-FR\"},{\"@type\":\"Organization\",\"@id\":\"http:\/\/lesrobines.fr\/#organization\",\"name\":\"Les Robin.e.s\",\"url\":\"http:\/\/lesrobines.fr\/\",\"logo\":{\"@type\":\"ImageObject\",\"inLanguage\":\"fr-FR\",\"@id\":\"http:\/\/lesrobines.fr\/#\/schema\/logo\/image\/\",\"url\":\"http:\/\/lesrobines.fr\/wp-content\/uploads\/2020\/01\/cropped-LES-ROBINES-05-header.png\",\"contentUrl\":\"http:\/\/lesrobines.fr\/wp-content\/uploads\/2020\/01\/cropped-LES-ROBINES-05-header.png\",\"width\":5999,\"height\":1681,\"caption\":\"Les Robin.e.s\"},\"image\":{\"@id\":\"http:\/\/lesrobines.fr\/#\/schema\/logo\/image\/\"}}]}<\/script>\n<!-- \/ Yoast SEO plugin. -->","yoast_head_json":{"title":"Contact - Les Robin.e.s","robots":{"index":"index","follow":"follow","max-snippet":"max-snippet:-1","max-image-preview":"max-image-preview:large","max-video-preview":"max-video-preview:-1"},"canonical":"http:\/\/lesrobines.fr\/index.php\/contact\/","og_locale":"fr_FR","og_type":"article","og_title":"Contact - Les Robin.e.s","og_description":"Vous pouvez nous contacter en \u00e9crivant \u00e0 contact@lesrobines.fr ou bien en utilisant les r\u00e9seaux sociaux. Facebook : https:\/\/www.facebook.com\/lesrobinesnarbonne Twiter : https:\/\/twitter.com\/robin_les Instagram : lesrobines.narbonne","og_url":"http:\/\/lesrobines.fr\/index.php\/contact\/","og_site_name":"Les Robin.e.s","article_modified_time":"2023-04-12T11:41:40+00:00","twitter_card":"summary_large_image","twitter_misc":{"Dur\u00e9e de lecture estim\u00e9e":"1 minute"},"schema":{"@context":"https:\/\/schema.org","@graph":[{"@type":"WebPage","@id":"http:\/\/lesrobines.fr\/index.php\/contact\/","url":"http:\/\/lesrobines.fr\/index.php\/contact\/","name":"Contact - Les Robin.e.s","isPartOf":{"@id":"http:\/\/lesrobines.fr\/#website"},"datePublished":"2020-01-18T11:42:07+00:00","dateModified":"2023-04-12T11:41:40+00:00","breadcrumb":{"@id":"http:\/\/lesrobines.fr\/index.php\/contact\/#breadcrumb"},"inLanguage":"fr-FR","potentialAction":[{"@type":"ReadAction","target":["http:\/\/lesrobines.fr\/index.php\/contact\/"]}]},{"@type":"BreadcrumbList","@id":"http:\/\/lesrobines.fr\/index.php\/contact\/#breadcrumb","itemListElement":[{"@type":"ListItem","position":1,"name":"Accueil","item":"http:\/\/lesrobines.fr\/"},{"@type":"ListItem","position":2,"name":"Contact"}]},{"@type":"WebSite","@id":"http:\/\/lesrobines.fr\/#website","url":"http:\/\/lesrobines.fr\/","name":"Les Robin.e.s","description":"Pour une ville \u00e9cologique solidaire","publisher":{"@id":"http:\/\/lesrobines.fr\/#organization"},"potentialAction":[{"@type":"SearchAction","target":{"@type":"EntryPoint","urlTemplate":"http:\/\/lesrobines.fr\/?s={search_term_string}"},"query-input":"required name=search_term_string"}],"inLanguage":"fr-FR"},{"@type":"Organization","@id":"http:\/\/lesrobines.fr\/#organization","name":"Les Robin.e.s","url":"http:\/\/lesrobines.fr\/","logo":{"@type":"ImageObject","inLanguage":"fr-FR","@id":"http:\/\/lesrobines.fr\/#\/schema\/logo\/image\/","url":"http:\/\/lesrobines.fr\/wp-content\/uploads\/2020\/01\/cropped-LES-ROBINES-05-header.png","contentUrl":"http:\/\/lesrobines.fr\/wp-content\/uploads\/2020\/01\/cropped-LES-ROBINES-05-header.png","width":5999,"height":1681,"caption":"Les Robin.e.s"},"image":{"@id":"http:\/\/lesrobines.fr\/#\/schema\/logo\/image\/"}}]}},"_links":{"self":[{"href":"http:\/\/lesrobines.fr\/index.php\/wp-json\/wp\/v2\/pages\/130"}],"collection":[{"href":"http:\/\/lesrobines.fr\/index.php\/wp-json\/wp\/v2\/pages"}],"about":[{"href":"http:\/\/lesrobines.fr\/index.php\/wp-json\/wp\/v2\/types\/page"}],"author":[{"embeddable":true,"href":"http:\/\/lesrobines.fr\/index.php\/wp-json\/wp\/v2\/users\/18"}],"replies":[{"embeddable":true,"href":"http:\/\/lesrobines.fr\/index.php\/wp-json\/wp\/v2\/comments?post=130"}],"version-history":[{"count":8,"href":"http:\/\/lesrobines.fr\/index.php\/wp-json\/wp\/v2\/pages\/130\/revisions"}],"predecessor-version":[{"id":2841,"href":"http:\/\/lesrobines.fr\/index.php\/wp-json\/wp\/v2\/pages\/130\/revisions\/2841"}],"wp:attachment":[{"href":"http:\/\/lesrobines.fr\/index.php\/wp-json\/wp\/v2\/media?parent=130"}],"curies":[{"name":"wp","href":"https:\/\/api.w.org\/{rel}","templated":true}]}}